9
What is the units digit of 35436?
6
What is the ten thousands digit of 373199?
7
What is the tens digit of 275261?
6
What is the units digit of 1314813?
3
What is the tens digit of 2329406?
0
What is the tens digit of 969018?
1
What is the units digit of 6145941?
1
What is the hundred thousands digit of 30339814?
3
What is the thousands digit of 52245?
2
What is the ten millions digit of 18686969?
1
What is the tens digit of 397126?
2
What is the units digit of 1872355?
5
What is the hundred thousands digit of 552196?
5
What is the units digit of 399384?
4
What is the thousands digit of 2158555?
8
What is the units digit of 22471427?
7
What is the units digit of 3475743?
3
What is the millions digit of 1026705?
1
What is the units digit of 63026?
6
What is the tens digit of 4973843?
4
What is the tens digit of 30772920?
2
What is the ten thousands digit of 83376?
8
What is the hundreds digit of 1111402?
4
What is the ten thousands digit of 17967037?
6
What is the hundred thousands digit of 774180?
7
What is the hundreds digit of 11511?
5
What is the thousands digit of 8495342?
5
What is the units digit of 84577?
7
What is the ten thousands digit of 4136668?
3
What is the thousands digit of 326020?
6
What is the hundreds digit of 1189318?
3
What is the hundreds digit of 18563?
5
What is the thousands digit of 12450091?
0
What is the units digit of 1772?
2
What is the millions digit of 7466676?
7
What is the thousands digit of 7609399?
9
What is the hundred thousands digit of 772787?
7
What is the units digit of 281389?
9
What is the hundreds digit of 10654462?
4
What is the units digit of 317224?
4
What is the ten thousands digit of 270524?
7
What is the ten thousands digit of 586474?
8
What is the ten thousands digit of 2244492?
4
What is the hundred thousands digit of 12775125?
7
What is the hundred thousands digit of 378005?
3
What is the hundred thousands digit of 152179?
1
What is the tens digit of 7848367?
6
What is the thousands digit of 344780?
4
What is the thousands digit of 329064?
9
What is the tens digit of 1681266?
6
What is the hundred thousands digit of 215104?
2
What is the tens digit of 462317?
1
What is the tens digit of 29857072?
7
What is the units digit of 5141211?
1
What is the hundreds digit of 2994?
9
What is the tens digit of 37872493?
9
What is the tens digit of 4278429?
2
What is the units digit of 3108933?
3
What is the thousands digit of 82525?
2
What is the hundred thousands digit of 10471090?
4
What is the hundred thousands digit of 229516?
2
What is the hundred thousands digit of 2088135?
0
What is the millions digit of 2455533?
2
What is the hundreds digit of 195698?
6
What is the ten thousands digit of 11562122?
6
What is the thousands digit of 3963848?
3
What is the ten thousands digit of 418619?
1
What is the units digit of 1046005?
5
What is the tens digit of 23373901?
0
What is the thousands digit of 1229?
1
What is the thousands digit of 846350?
6
What is the thousands digit of 15970167?
0
What is the hundred thousands digit of 2686306?
6
What is the hundreds digit of 1555304?
3
What is the hundred thousands digit of 4626738?
6
What is the hundreds digit of 255637?
6
What is the millions digit of 1777564?
1
What is the ten millions digit of 24417046?
2
What is the hundred thousands digit of 3026368?
0
What is the hundred thousands digit of 368395?
3
What is the hundreds digit of 5966105?
1
What is the tens digit of 1539946?
4
What is the millions digit of 10697234?
0
What is the units digit of 36280?
0
What is the tens digit of 729957?
5
What is the millions digit of 8240822?
8
What is the thousands digit of 195465?
5
What is the millions digit of 16243094?
6
What is the tens digit of 263662?
6
What is the hundreds digit of 37725?
7
What is the tens digit of 14770138?
3
What is the hundred thousands digit of 399706?
3
What is the thousands digit of 4194734?
4
What is the millions digit of 12199358?
2
What is the thousands digit of 839328?
9
What is the ten thousands digit of 2285638?
8
What is the thousands digit of 213946?
3
What is the thousands digit of 3982289?
2
What is the hundred thousands digit of 268950?
2
What is the units digit of 10065484?
4
What is the hundred thousands digit of 669252?
6
What is the units digit of 62657?
7
What is the hundred thousands digit of 590018?
5
What is the units digit of 727262?
2
What is the thousands digit of 150236?
0
What is the hundreds digit of 923174?
1
What is the ten thousands digit of 767239?
6
What is the hundreds digit of 1235718?
7
What is the ten thousands digit of 733879?
3
What is the millions digit of 4648641?
4
What is the ten thousands digit of 31412?
3
What is the ten thousands digit of 813301?
1
What is the ten thousands digit of 21756?
2
What is the units digit of 20838320?
0
What is the tens digit of 351127?
2
What is the ten thousands digit of 47703?
4
What is the ten thousands digit of 3207558?
0
What is the units digit of 57343?
3
What is the thousands digit of 3170836?
0
What is the thousands digit of 1309287?
9
What is the hundred thousands digit of 197054?
1
What is the tens digit of 10038892?
9
What is the units digit of 374903?
3
What is the hundreds digit of 325913?
9
What is the units digit of 13116109?
9
What is the hundreds digit of 293514?
5
What is the thousands digit of 344842?
4
What is the hundreds digit of 613211?
2
What is the millions digit of 18841911?
8
What is the hundred thousands digit of 259174?
2
What is the units digit of 216207?
7
What is the thousands digit of 445427?
5
What is the tens digit of 221279?
7
What is the thousands digit of 569603?
9
What is the millions digit of 1660942?
1
What is the millions digit of 16890855?
6
What is the hundred thousands digit of 161221?
1
What is the thousands digit of 2768404?
8
What is the ten thousands digit of 6208893?
0
What is the units digit of 2212934?
4
What is the ten thousands digit of 860427?
6
What is the tens digit of 55495?
9
What is the tens digit of 12064040?
4
What is the thousands digit of 406365?
6
What is the tens digit of 239101?
0
What is the hundred thousands digit of 3458456?
4
What is the tens digit of 278271?
7
What is the hundred thousands digit of 217916?
2
What is the ten thousands digit of 3781539?
8
What is the hundred thousands digit of 4374313?
3
What is the millions digit of 3945280?
3
What is the hundreds digit of 581090?
0
What is the tens digit of 13809558?
5
What is the hundred thousands digit of 2163482?
1
What is the ten millions digit of 25496621?
2
What is the units digit of 13850604?
4
What is the ten thousands digit of 124958?
2
What is the ten thousands digit of 8128022?
2
What is the millions digit of 6264463?
6
What is the thousands digit of 15478375?
8
What is the millions digit of 16122333?
6
What is the thousands digit of 136692?
6
What is the units digit of 11816992?
2
What is the tens digit of 15266986?
8
What is the units digit of 1354179?
9
What is the hundred thousands digit of 26248996?
2
What is the hundred thousands digit of 701088?
7
What is the thousands digit of 162415?
2
What is the thousands digit of 530087?
0
What is the thousands digit of 13374?
3
What is the units digit of 6206560?
0
What is the tens digit of 99006?
0
What is the ten thousands digit of 6792448?
9
What is the thousands digit of 4693336?
3
What is the ten thousands digit of 390097?
9
What is the hundred thousands digit of 552118?
5
What is the thousands digit of 2624520?
4
What is the ten millions digit of 32787988?
3
What is the tens digit of 227099?
9
What is the millions digit of 1245965?
1
What is the ten thousands digit of 603745?
0
What is the hundreds digit of 1289743?
7
What is the thousands digit of 1019542?
9
What is the thousands digit of 260823?
0
What is the ten thousands digit of 595048?
9
What is the tens digit of 4664748?
4
What is the hundred thousands digit of 12286953?
2
What is the hundreds digit of 375331?
3
What is the thousands digit of 20924?
0
What is the thousands digit of 198352?
8
What is the millions digit of 6156411?
6
What is the millions digit of 5019500?
5
What is the millions digit of 1534838?
1
What is the units digit of 2017964?
4
What is the ten thousands digit of 241726?
4
What is the thousands digit o